{"id":2038,"date":"2022-06-23T08:24:07","date_gmt":"2022-06-23T08:24:07","guid":{"rendered":"https:\/\/www.buergeralpe.at\/sommer\/?page_id=2038"},"modified":"2023-01-19T11:17:45","modified_gmt":"2023-01-19T11:17:45","slug":"picknick-am-berg","status":"publish","type":"page","link":"https:\/\/www.buergeralpe.at\/sommer\/picknick-am-berg\/","title":{"rendered":"Picknick am Berg"},"content":{"rendered":"\t\t<div data-elementor-type=\"wp-page\" data-elementor-id=\"2038\" class=\"elementor elementor-2038\" data-elementor-settings=\"{&quot;element_pack_global_tooltip_width&quot;:{&quot;unit&quot;:&quot;px&quot;,&quot;size&quot;:&quot;&quot;,&quot;sizes&quot;:[]},&quot;element_pack_global_tooltip_width_tablet&quot;:{&quot;unit&quot;:&quot;px&quot;,&quot;size&quot;:&quot;&quot;,&quot;sizes&quot;:[]},&quot;element_pack_global_tooltip_width_mobile&quot;:{&quot;unit&quot;:&quot;px&quot;,&quot;size&quot;:&quot;&quot;,&quot;sizes&quot;:[]},&quot;element_pack_global_tooltip_padding&quot;:{&quot;unit&quot;:&quot;px&quot;,&quot;top&quot;:&quot;&quot;,&quot;right&quot;:&quot;&quot;,&quot;bottom&quot;:&quot;&quot;,&quot;left&quot;:&quot;&quot;,&quot;isLinked&quot;:true},&quot;element_pack_global_tooltip_padding_tablet&quot;:{&quot;unit&quot;:&quot;px&quot;,&quot;top&quot;:&quot;&quot;,&quot;right&quot;:&quot;&quot;,&quot;bottom&quot;:&quot;&quot;,&quot;left&quot;:&quot;&quot;,&quot;isLinked&quot;:true},&quot;element_pack_global_tooltip_padding_mobile&quot;:{&quot;unit&quot;:&quot;px&quot;,&quot;top&quot;:&quot;&quot;,&quot;right&quot;:&quot;&quot;,&quot;bottom&quot;:&quot;&quot;,&quot;left&quot;:&quot;&quot;,&quot;isLinked&quot;:true},&quot;element_pack_global_tooltip_border_radius&quot;:{&quot;unit&quot;:&quot;px&quot;,&quot;top&quot;:&quot;&quot;,&quot;right&quot;:&quot;&quot;,&quot;bottom&quot;:&quot;&quot;,&quot;left&quot;:&quot;&quot;,&quot;isLinked&quot;:true},&quot;element_pack_global_tooltip_border_radius_tablet&quot;:{&quot;unit&quot;:&quot;px&quot;,&quot;top&quot;:&quot;&quot;,&quot;right&quot;:&quot;&quot;,&quot;bottom&quot;:&quot;&quot;,&quot;left&quot;:&quot;&quot;,&quot;isLinked&quot;:true},&quot;element_pack_global_tooltip_border_radius_mobile&quot;:{&quot;unit&quot;:&quot;px&quot;,&quot;top&quot;:&quot;&quot;,&quot;right&quot;:&quot;&quot;,&quot;bottom&quot;:&quot;&quot;,&quot;left&quot;:&quot;&quot;,&quot;isLinked&quot;:true}}\" data-elementor-post-type=\"page\">\n\t\t\t\t\t\t<section data-particle_enable=\"false\" data-particle-mobile-disabled=\"false\" class=\"elementor-section elementor-top-section elementor-element elementor-element-c09b4e2 elementor-section-full_width elementor-section-height-default elementor-section-height-default\" data-id=\"c09b4e2\" data-element_type=\"section\" data-e-type=\"section\">\n\t\t\t\t\t\t<div class=\"elementor-container elementor-column-gap-default\">\n\t\t\t\t\t<div class=\"elementor-column elementor-col-100 elementor-top-column elementor-element elementor-element-e9afcad\" data-id=\"e9afcad\" data-element_type=\"column\" data-e-type=\"column\">\n\t\t\t<div class=\"elementor-widget-wrap elementor-element-populated\">\n\t\t\t\t\t\t<div class=\"elementor-element elementor-element-3505589 elementor-widget elementor-widget-image\" data-id=\"3505589\" data-element_type=\"widget\" data-e-type=\"widget\" data-widget_type=\"image.default\">\n\t\t\t\t<div class=\"elementor-widget-container\">\n\t\t\t\t\t\t\t\t\t\t\t\t\t\t\t<img fetchpriority=\"high\" decoding=\"async\" width=\"2048\" height=\"717\" src=\"https:\/\/www.buergeralpe.at\/sommer\/wp-content\/uploads\/2022\/06\/PicknickamBerg_Header-2048x717.jpg\" class=\"attachment-2048x2048 size-2048x2048 wp-image-2042\" alt=\"\" srcset=\"https:\/\/www.buergeralpe.at\/sommer\/wp-content\/uploads\/2022\/06\/PicknickamBerg_Header-2048x717.jpg 2048w, https:\/\/www.buergeralpe.at\/sommer\/wp-content\/uploads\/2022\/06\/PicknickamBerg_Header-300x105.jpg 300w, https:\/\/www.buergeralpe.at\/sommer\/wp-content\/uploads\/2022\/06\/PicknickamBerg_Header-1024x359.jpg 1024w, https:\/\/www.buergeralpe.at\/sommer\/wp-content\/uploads\/2022\/06\/PicknickamBerg_Header-768x269.jpg 768w, https:\/\/www.buergeralpe.at\/sommer\/wp-content\/uploads\/2022\/06\/PicknickamBerg_Header-1536x538.jpg 1536w\" sizes=\"(max-width: 2048px) 100vw, 2048px\" \/>\t\t\t\t\t\t\t\t\t\t\t\t\t\t\t<\/div>\n\t\t\t\t<\/div>\n\t\t\t\t\t<\/div>\n\t\t<\/div>\n\t\t\t\t\t<\/div>\n\t\t<\/section>\n\t\t\t\t<section data-particle_enable=\"false\" data-particle-mobile-disabled=\"false\" class=\"elementor-section elementor-top-section elementor-element elementor-element-6730306 elementor-section-boxed elementor-section-height-default elementor-section-height-default\" data-id=\"6730306\" data-element_type=\"section\" data-e-type=\"section\">\n\t\t\t\t\t\t<div class=\"elementor-container elementor-column-gap-default\">\n\t\t\t\t\t<div class=\"elementor-column elementor-col-100 elementor-top-column elementor-element elementor-element-25bedb9\" data-id=\"25bedb9\" data-element_type=\"column\" data-e-type=\"column\">\n\t\t\t<div class=\"elementor-widget-wrap elementor-element-populated\">\n\t\t\t\t\t\t<div class=\"elementor-element elementor-element-f01c2fa elementor-widget elementor-widget-heading\" data-id=\"f01c2fa\" data-element_type=\"widget\" data-e-type=\"widget\" data-widget_type=\"heading.default\">\n\t\t\t\t<div class=\"elementor-widget-container\">\n\t\t\t\t\t<h1 class=\"elementor-heading-title elementor-size-default\">Picknick am Berg<\/h1>\t\t\t\t<\/div>\n\t\t\t\t<\/div>\n\t\t\t\t\t<\/div>\n\t\t<\/div>\n\t\t\t\t\t<\/div>\n\t\t<\/section>\n\t\t\t\t<section data-particle_enable=\"false\" data-particle-mobile-disabled=\"false\" class=\"elementor-section elementor-top-section elementor-element elementor-element-018ac83 elementor-section-boxed elementor-section-height-default elementor-section-height-default\" data-id=\"018ac83\" data-element_type=\"section\" data-e-type=\"section\">\n\t\t\t\t\t\t<div class=\"elementor-container elementor-column-gap-default\">\n\t\t\t\t\t<div class=\"elementor-column elementor-col-100 elementor-top-column elementor-element elementor-element-3beb573\" data-id=\"3beb573\" data-element_type=\"column\" data-e-type=\"column\">\n\t\t\t<div class=\"elementor-widget-wrap elementor-element-populated\">\n\t\t\t\t\t\t<div class=\"elementor-element elementor-element-9772926 elementor-widget elementor-widget-text-editor\" data-id=\"9772926\" data-element_type=\"widget\" data-e-type=\"widget\" data-widget_type=\"text-editor.default\">\n\t\t\t\t<div class=\"elementor-widget-container\">\n\t\t\t\t\t\t\t\t\t<h4>Ob zu zweit oder mit der ganzen Familie: ein Picknick auf 1.270 Meter Seeh\u00f6he ist immer ein Erlebnis!<\/h4><p><span style=\"font-family: Roboto, sans-serif; font-size: 16px; font-style: normal; font-variant-ligatures: normal; font-variant-caps: normal; font-weight: 400; color: var( --e-global-color-text );\">Gef\u00fcllt ist der Picknickkorb mit allerlei K\u00f6stlichkeiten wie Brot, Speck, Wurst, K\u00e4se, Tomaten, Eier oder Essiggurkerl.\u00a0<br \/>Preis pro Person: \u20ac 13,-\u00a0<br \/><\/span><span style=\"font-family: Roboto, sans-serif; font-size: 16px; font-style: normal; font-variant-ligatures: normal; font-variant-caps: normal; font-weight: 400; color: var( --e-global-color-text );\">Getr\u00e4nke k\u00f6nnen vor Ort extra dazu geordert werden.\u00a0<\/span><\/p><p>Den gef\u00fcllten Picknickkorb kann man vorab beim Berggasthof reservieren (bitte sp\u00e4testens zwei Tage vor dem geplanten Termin):\u00a0<br \/><span style=\"font-size: 16px; color: var( --e-global-color-text );\">E-Mail: berggasthof@buergeralpe.at oder Tel.: +43 (0)3882\/2508<\/span><\/p>\t\t\t\t\t\t\t\t<\/div>\n\t\t\t\t<\/div>\n\t\t\t\t\t<\/div>\n\t\t<\/div>\n\t\t\t\t\t<\/div>\n\t\t<\/section>\n\t\t\t\t<section data-particle_enable=\"false\" data-particle-mobile-disabled=\"false\" class=\"elementor-section elementor-top-section elementor-element elementor-element-27ef586 elementor-section-boxed elementor-section-height-default elementor-section-height-default\" data-id=\"27ef586\" data-element_type=\"section\" data-e-type=\"section\">\n\t\t\t\t\t\t<div class=\"elementor-container elementor-column-gap-default\">\n\t\t\t\t\t<div class=\"elementor-column elementor-col-100 elementor-top-column elementor-element elementor-element-863f4bb\" data-id=\"863f4bb\" data-element_type=\"column\" data-e-type=\"column\">\n\t\t\t<div class=\"elementor-widget-wrap elementor-element-populated\">\n\t\t\t\t\t\t<div class=\"elementor-element elementor-element-2ea020f elementor-widget elementor-widget-text-editor\" data-id=\"2ea020f\" data-element_type=\"widget\" data-e-type=\"widget\" data-widget_type=\"text-editor.default\">\n\t\t\t\t<div class=\"elementor-widget-container\">\n\t\t\t\t\t\t\t\t\t<p><a href=\"https:\/\/www.buergeralpe.at\/sommer\/preise\/\">-&gt;-&gt; Hier geht es zur Preis\u00fcbersicht -&gt;-&gt;<\/a><\/p>\t\t\t\t\t\t\t\t<\/div>\n\t\t\t\t<\/div>\n\t\t\t\t\t<\/div>\n\t\t<\/div>\n\t\t\t\t\t<\/div>\n\t\t<\/section>\n\t\t\t\t<section data-particle_enable=\"false\" data-particle-mobile-disabled=\"false\" class=\"elementor-section elementor-top-section elementor-element elementor-element-2842b87 elementor-section-boxed elementor-section-height-default elementor-section-height-default\" data-id=\"2842b87\" data-element_type=\"section\" data-e-type=\"section\">\n\t\t\t\t\t\t<div class=\"elementor-container elementor-column-gap-default\">\n\t\t\t\t\t<div class=\"elementor-column elementor-col-100 elementor-top-column elementor-element elementor-element-80aaafe\" data-id=\"80aaafe\" data-element_type=\"column\" data-e-type=\"column\">\n\t\t\t<div class=\"elementor-widget-wrap elementor-element-populated\">\n\t\t\t\t\t\t<div class=\"elementor-element elementor-element-1a0e114 elementor-widget elementor-widget-image\" data-id=\"1a0e114\" data-element_type=\"widget\" data-e-type=\"widget\" data-widget_type=\"image.default\">\n\t\t\t\t<div class=\"elementor-widget-container\">\n\t\t\t\t\t\t\t\t\t\t\t\t\t\t\t<img decoding=\"async\" width=\"768\" height=\"512\" src=\"https:\/\/www.buergeralpe.at\/sommer\/wp-content\/uploads\/2022\/06\/Burgeralpe2022-235-von-510_Internet-768x512.jpg\" class=\"attachment-medium_large size-medium_large wp-image-2043\" alt=\"\" srcset=\"https:\/\/www.buergeralpe.at\/sommer\/wp-content\/uploads\/2022\/06\/Burgeralpe2022-235-von-510_Internet-768x512.jpg 768w, https:\/\/www.buergeralpe.at\/sommer\/wp-content\/uploads\/2022\/06\/Burgeralpe2022-235-von-510_Internet-300x200.jpg 300w, https:\/\/www.buergeralpe.at\/sommer\/wp-content\/uploads\/2022\/06\/Burgeralpe2022-235-von-510_Internet-1024x683.jpg 1024w, https:\/\/www.buergeralpe.at\/sommer\/wp-content\/uploads\/2022\/06\/Burgeralpe2022-235-von-510_Internet-1536x1024.jpg 1536w, https:\/\/www.buergeralpe.at\/sommer\/wp-content\/uploads\/2022\/06\/Burgeralpe2022-235-von-510_Internet-2048x1365.jpg 2048w\" sizes=\"(max-width: 768px) 100vw, 768px\" \/>\t\t\t\t\t\t\t\t\t\t\t\t\t\t\t<\/div>\n\t\t\t\t<\/div>\n\t\t\t\t\t<\/div>\n\t\t<\/div>\n\t\t\t\t\t<\/div>\n\t\t<\/section>\n\t\t\t\t<\/div>\n\t\t","protected":false},"excerpt":{"rendered":"<p>Picknick am Berg Ob zu zweit oder mit der ganzen Familie: ein Picknick auf 1.270 Meter Seeh\u00f6he ist immer ein Erlebnis! Gef\u00fcllt ist der Picknickkorb mit allerlei K\u00f6stlichkeiten wie Brot, Speck, Wurst, K\u00e4se, Tomaten, Eier oder Essiggurkerl.\u00a0Preis pro Person: \u20ac 13,-\u00a0Getr\u00e4nke k\u00f6nnen vor Ort extra dazu geordert werden.\u00a0 Den gef\u00fcllten Picknickkorb kann man vorab beim [&hellip;]<\/p>\n","protected":false},"author":3,"featured_media":0,"parent":0,"menu_order":0,"comment_status":"closed","ping_status":"closed","template":"elementor_header_footer","meta":{"ngg_post_thumbnail":0,"ocean_post_layout":"","ocean_both_sidebars_style":"","ocean_both_sidebars_content_width":0,"ocean_both_sidebars_sidebars_width":0,"ocean_sidebar":"0","ocean_second_sidebar":"0","ocean_disable_margins":"enable","ocean_add_body_class":"","ocean_shortcode_before_top_bar":"","ocean_shortcode_after_top_bar":"","ocean_shortcode_before_header":"","ocean_shortcode_after_header":"","ocean_has_shortcode":"","ocean_shortcode_after_title":"","ocean_shortcode_before_footer_widgets":"","ocean_shortcode_after_footer_widgets":"","ocean_shortcode_before_footer_bottom":"","ocean_shortcode_after_footer_bottom":"","ocean_display_top_bar":"default","ocean_display_header":"default","ocean_header_style":"","ocean_center_header_left_menu":"0","ocean_custom_header_template":"0","ocean_custom_logo":0,"ocean_custom_retina_logo":0,"ocean_custom_logo_max_width":0,"ocean_custom_logo_tablet_max_width":0,"ocean_custom_logo_mobile_max_width":0,"ocean_custom_logo_max_height":0,"ocean_custom_logo_tablet_max_height":0,"ocean_custom_logo_mobile_max_height":0,"ocean_header_custom_menu":"0","ocean_menu_typo_font_family":"0","ocean_menu_typo_font_subset":"","ocean_menu_typo_font_size":0,"ocean_menu_typo_font_size_tablet":0,"ocean_menu_typo_font_size_mobile":0,"ocean_menu_typo_font_size_unit":"px","ocean_menu_typo_font_weight":"","ocean_menu_typo_font_weight_tablet":"","ocean_menu_typo_font_weight_mobile":"","ocean_menu_typo_transform":"","ocean_menu_typo_transform_tablet":"","ocean_menu_typo_transform_mobile":"","ocean_menu_typo_line_height":0,"ocean_menu_typo_line_height_tablet":0,"ocean_menu_typo_line_height_mobile":0,"ocean_menu_typo_line_height_unit":"","ocean_menu_typo_spacing":0,"ocean_menu_typo_spacing_tablet":0,"ocean_menu_typo_spacing_mobile":0,"ocean_menu_typo_spacing_unit":"","ocean_menu_link_color":"","ocean_menu_link_color_hover":"","ocean_menu_link_color_active":"","ocean_menu_link_background":"","ocean_menu_link_hover_background":"","ocean_menu_link_active_background":"","ocean_menu_social_links_bg":"","ocean_menu_social_hover_links_bg":"","ocean_menu_social_links_color":"","ocean_menu_social_hover_links_color":"","ocean_disable_title":"default","ocean_disable_heading":"default","ocean_post_title":"","ocean_post_subheading":"","ocean_post_title_style":"","ocean_post_title_background_color":"","ocean_post_title_background":0,"ocean_post_title_bg_image_position":"","ocean_post_title_bg_image_attachment":"","ocean_post_title_bg_image_repeat":"","ocean_post_title_bg_image_size":"","ocean_post_title_height":0,"ocean_post_title_bg_overlay":0.5,"ocean_post_title_bg_overlay_color":"","ocean_disable_breadcrumbs":"default","ocean_breadcrumbs_color":"","ocean_breadcrumbs_separator_color":"","ocean_breadcrumbs_links_color":"","ocean_breadcrumbs_links_hover_color":"","ocean_display_footer_widgets":"default","ocean_display_footer_bottom":"default","ocean_custom_footer_template":"0","footnotes":""},"class_list":["post-2038","page","type-page","status-publish","hentry","entry"],"yoast_head":"<!-- This site is optimized with the Yoast SEO plugin v27.4 - https:\/\/yoast.com\/product\/yoast-seo-wordpress\/ -->\n<title>Picknick am Berg - Sommer - Mariazeller B\u00fcrgeralpe<\/title>\n<meta name=\"robots\" content=\"index, follow, max-snippet:-1, max-image-preview:large, max-video-preview:-1\" \/>\n<link rel=\"canonical\" href=\"https:\/\/www.buergeralpe.at\/sommer\/picknick-am-berg\/\" \/>\n<meta property=\"og:locale\" content=\"de_DE\" \/>\n<meta property=\"og:type\" content=\"article\" \/>\n<meta property=\"og:title\" content=\"Picknick am Berg - Sommer - Mariazeller B\u00fcrgeralpe\" \/>\n<meta property=\"og:description\" content=\"Picknick am Berg Ob zu zweit oder mit der ganzen Familie: ein Picknick auf 1.270 Meter Seeh\u00f6he ist immer ein Erlebnis! Gef\u00fcllt ist der Picknickkorb mit allerlei K\u00f6stlichkeiten wie Brot, Speck, Wurst, K\u00e4se, Tomaten, Eier oder Essiggurkerl.\u00a0Preis pro Person: \u20ac 13,-\u00a0Getr\u00e4nke k\u00f6nnen vor Ort extra dazu geordert werden.\u00a0 Den gef\u00fcllten Picknickkorb kann man vorab beim [&hellip;]\" \/>\n<meta property=\"og:url\" content=\"https:\/\/www.buergeralpe.at\/sommer\/picknick-am-berg\/\" \/>\n<meta property=\"og:site_name\" content=\"Sommer - Mariazeller B\u00fcrgeralpe\" \/>\n<meta property=\"article:modified_time\" content=\"2023-01-19T11:17:45+00:00\" \/>\n<meta property=\"og:image\" content=\"https:\/\/www.buergeralpe.at\/sommer\/wp-content\/uploads\/2022\/06\/PicknickamBerg_Header-2048x717.jpg\" \/>\n<meta name=\"twitter:card\" content=\"summary_large_image\" \/>\n<meta name=\"twitter:label1\" content=\"Gesch\u00e4tzte Lesezeit\" \/>\n\t<meta name=\"twitter:data1\" content=\"1\u00a0Minute\" \/>\n<script type=\"application\/ld+json\" class=\"yoast-schema-graph\">{\"@context\":\"https:\\\/\\\/schema.org\",\"@graph\":[{\"@type\":\"WebPage\",\"@id\":\"https:\\\/\\\/www.buergeralpe.at\\\/sommer\\\/picknick-am-berg\\\/\",\"url\":\"https:\\\/\\\/www.buergeralpe.at\\\/sommer\\\/picknick-am-berg\\\/\",\"name\":\"Picknick am Berg - Sommer - Mariazeller B\u00fcrgeralpe\",\"isPartOf\":{\"@id\":\"https:\\\/\\\/www.buergeralpe.at\\\/sommer\\\/#website\"},\"primaryImageOfPage\":{\"@id\":\"https:\\\/\\\/www.buergeralpe.at\\\/sommer\\\/picknick-am-berg\\\/#primaryimage\"},\"image\":{\"@id\":\"https:\\\/\\\/www.buergeralpe.at\\\/sommer\\\/picknick-am-berg\\\/#primaryimage\"},\"thumbnailUrl\":\"https:\\\/\\\/www.buergeralpe.at\\\/sommer\\\/wp-content\\\/uploads\\\/2022\\\/06\\\/PicknickamBerg_Header-2048x717.jpg\",\"datePublished\":\"2022-06-23T08:24:07+00:00\",\"dateModified\":\"2023-01-19T11:17:45+00:00\",\"breadcrumb\":{\"@id\":\"https:\\\/\\\/www.buergeralpe.at\\\/sommer\\\/picknick-am-berg\\\/#breadcrumb\"},\"inLanguage\":\"de\",\"potentialAction\":[{\"@type\":\"ReadAction\",\"target\":[\"https:\\\/\\\/www.buergeralpe.at\\\/sommer\\\/picknick-am-berg\\\/\"]}]},{\"@type\":\"ImageObject\",\"inLanguage\":\"de\",\"@id\":\"https:\\\/\\\/www.buergeralpe.at\\\/sommer\\\/picknick-am-berg\\\/#primaryimage\",\"url\":\"https:\\\/\\\/www.buergeralpe.at\\\/sommer\\\/wp-content\\\/uploads\\\/2022\\\/06\\\/PicknickamBerg_Header-scaled.jpg\",\"contentUrl\":\"https:\\\/\\\/www.buergeralpe.at\\\/sommer\\\/wp-content\\\/uploads\\\/2022\\\/06\\\/PicknickamBerg_Header-scaled.jpg\",\"width\":2560,\"height\":896},{\"@type\":\"BreadcrumbList\",\"@id\":\"https:\\\/\\\/www.buergeralpe.at\\\/sommer\\\/picknick-am-berg\\\/#breadcrumb\",\"itemListElement\":[{\"@type\":\"ListItem\",\"position\":1,\"name\":\"Startseite\",\"item\":\"https:\\\/\\\/www.buergeralpe.at\\\/sommer\\\/\"},{\"@type\":\"ListItem\",\"position\":2,\"name\":\"Picknick am Berg\"}]},{\"@type\":\"WebSite\",\"@id\":\"https:\\\/\\\/www.buergeralpe.at\\\/sommer\\\/#website\",\"url\":\"https:\\\/\\\/www.buergeralpe.at\\\/sommer\\\/\",\"name\":\"Sommer - Mariazeller B\u00fcrgeralpe\",\"description\":\"Ein Spa\u00df f\u00fcr die ganze Familie\",\"publisher\":{\"@id\":\"https:\\\/\\\/www.buergeralpe.at\\\/sommer\\\/#organization\"},\"potentialAction\":[{\"@type\":\"SearchAction\",\"target\":{\"@type\":\"EntryPoint\",\"urlTemplate\":\"https:\\\/\\\/www.buergeralpe.at\\\/sommer\\\/?s={search_term_string}\"},\"query-input\":{\"@type\":\"PropertyValueSpecification\",\"valueRequired\":true,\"valueName\":\"search_term_string\"}}],\"inLanguage\":\"de\"},{\"@type\":\"Organization\",\"@id\":\"https:\\\/\\\/www.buergeralpe.at\\\/sommer\\\/#organization\",\"name\":\"Sommer - Mariazeller B\u00fcrgeralpe\",\"url\":\"https:\\\/\\\/www.buergeralpe.at\\\/sommer\\\/\",\"logo\":{\"@type\":\"ImageObject\",\"inLanguage\":\"de\",\"@id\":\"https:\\\/\\\/www.buergeralpe.at\\\/sommer\\\/#\\\/schema\\\/logo\\\/image\\\/\",\"url\":\"https:\\\/\\\/www.buergeralpe.at\\\/sommer\\\/wp-content\\\/uploads\\\/2021\\\/06\\\/cropped-Logo_Buergeralpe_Mariazell_weiss.png\",\"contentUrl\":\"https:\\\/\\\/www.buergeralpe.at\\\/sommer\\\/wp-content\\\/uploads\\\/2021\\\/06\\\/cropped-Logo_Buergeralpe_Mariazell_weiss.png\",\"width\":1643,\"height\":754,\"caption\":\"Sommer - Mariazeller B\u00fcrgeralpe\"},\"image\":{\"@id\":\"https:\\\/\\\/www.buergeralpe.at\\\/sommer\\\/#\\\/schema\\\/logo\\\/image\\\/\"}}]}<\/script>\n<!-- \/ Yoast SEO plugin. -->","yoast_head_json":{"title":"Picknick am Berg - Sommer - Mariazeller B\u00fcrgeralpe","robots":{"index":"index","follow":"follow","max-snippet":"max-snippet:-1","max-image-preview":"max-image-preview:large","max-video-preview":"max-video-preview:-1"},"canonical":"https:\/\/www.buergeralpe.at\/sommer\/picknick-am-berg\/","og_locale":"de_DE","og_type":"article","og_title":"Picknick am Berg - Sommer - Mariazeller B\u00fcrgeralpe","og_description":"Picknick am Berg Ob zu zweit oder mit der ganzen Familie: ein Picknick auf 1.270 Meter Seeh\u00f6he ist immer ein Erlebnis! Gef\u00fcllt ist der Picknickkorb mit allerlei K\u00f6stlichkeiten wie Brot, Speck, Wurst, K\u00e4se, Tomaten, Eier oder Essiggurkerl.\u00a0Preis pro Person: \u20ac 13,-\u00a0Getr\u00e4nke k\u00f6nnen vor Ort extra dazu geordert werden.\u00a0 Den gef\u00fcllten Picknickkorb kann man vorab beim [&hellip;]","og_url":"https:\/\/www.buergeralpe.at\/sommer\/picknick-am-berg\/","og_site_name":"Sommer - Mariazeller B\u00fcrgeralpe","article_modified_time":"2023-01-19T11:17:45+00:00","og_image":[{"url":"https:\/\/www.buergeralpe.at\/sommer\/wp-content\/uploads\/2022\/06\/PicknickamBerg_Header-2048x717.jpg","type":"","width":"","height":""}],"twitter_card":"summary_large_image","twitter_misc":{"Gesch\u00e4tzte Lesezeit":"1\u00a0Minute"},"schema":{"@context":"https:\/\/schema.org","@graph":[{"@type":"WebPage","@id":"https:\/\/www.buergeralpe.at\/sommer\/picknick-am-berg\/","url":"https:\/\/www.buergeralpe.at\/sommer\/picknick-am-berg\/","name":"Picknick am Berg - Sommer - Mariazeller B\u00fcrgeralpe","isPartOf":{"@id":"https:\/\/www.buergeralpe.at\/sommer\/#website"},"primaryImageOfPage":{"@id":"https:\/\/www.buergeralpe.at\/sommer\/picknick-am-berg\/#primaryimage"},"image":{"@id":"https:\/\/www.buergeralpe.at\/sommer\/picknick-am-berg\/#primaryimage"},"thumbnailUrl":"https:\/\/www.buergeralpe.at\/sommer\/wp-content\/uploads\/2022\/06\/PicknickamBerg_Header-2048x717.jpg","datePublished":"2022-06-23T08:24:07+00:00","dateModified":"2023-01-19T11:17:45+00:00","breadcrumb":{"@id":"https:\/\/www.buergeralpe.at\/sommer\/picknick-am-berg\/#breadcrumb"},"inLanguage":"de","potentialAction":[{"@type":"ReadAction","target":["https:\/\/www.buergeralpe.at\/sommer\/picknick-am-berg\/"]}]},{"@type":"ImageObject","inLanguage":"de","@id":"https:\/\/www.buergeralpe.at\/sommer\/picknick-am-berg\/#primaryimage","url":"https:\/\/www.buergeralpe.at\/sommer\/wp-content\/uploads\/2022\/06\/PicknickamBerg_Header-scaled.jpg","contentUrl":"https:\/\/www.buergeralpe.at\/sommer\/wp-content\/uploads\/2022\/06\/PicknickamBerg_Header-scaled.jpg","width":2560,"height":896},{"@type":"BreadcrumbList","@id":"https:\/\/www.buergeralpe.at\/sommer\/picknick-am-berg\/#breadcrumb","itemListElement":[{"@type":"ListItem","position":1,"name":"Startseite","item":"https:\/\/www.buergeralpe.at\/sommer\/"},{"@type":"ListItem","position":2,"name":"Picknick am Berg"}]},{"@type":"WebSite","@id":"https:\/\/www.buergeralpe.at\/sommer\/#website","url":"https:\/\/www.buergeralpe.at\/sommer\/","name":"Sommer - Mariazeller B\u00fcrgeralpe","description":"Ein Spa\u00df f\u00fcr die ganze Familie","publisher":{"@id":"https:\/\/www.buergeralpe.at\/sommer\/#organization"},"potentialAction":[{"@type":"SearchAction","target":{"@type":"EntryPoint","urlTemplate":"https:\/\/www.buergeralpe.at\/sommer\/?s={search_term_string}"},"query-input":{"@type":"PropertyValueSpecification","valueRequired":true,"valueName":"search_term_string"}}],"inLanguage":"de"},{"@type":"Organization","@id":"https:\/\/www.buergeralpe.at\/sommer\/#organization","name":"Sommer - Mariazeller B\u00fcrgeralpe","url":"https:\/\/www.buergeralpe.at\/sommer\/","logo":{"@type":"ImageObject","inLanguage":"de","@id":"https:\/\/www.buergeralpe.at\/sommer\/#\/schema\/logo\/image\/","url":"https:\/\/www.buergeralpe.at\/sommer\/wp-content\/uploads\/2021\/06\/cropped-Logo_Buergeralpe_Mariazell_weiss.png","contentUrl":"https:\/\/www.buergeralpe.at\/sommer\/wp-content\/uploads\/2021\/06\/cropped-Logo_Buergeralpe_Mariazell_weiss.png","width":1643,"height":754,"caption":"Sommer - Mariazeller B\u00fcrgeralpe"},"image":{"@id":"https:\/\/www.buergeralpe.at\/sommer\/#\/schema\/logo\/image\/"}}]}},"publishpress_future_action":{"enabled":false,"date":"2026-04-27 02:44:05","action":"change-status","newStatus":"draft","terms":[],"taxonomy":"","extraData":[]},"publishpress_future_workflow_manual_trigger":{"enabledWorkflows":[]},"_links":{"self":[{"href":"https:\/\/www.buergeralpe.at\/sommer\/wp-json\/wp\/v2\/pages\/2038","targetHints":{"allow":["GET"]}}],"collection":[{"href":"https:\/\/www.buergeralpe.at\/sommer\/wp-json\/wp\/v2\/pages"}],"about":[{"href":"https:\/\/www.buergeralpe.at\/sommer\/wp-json\/wp\/v2\/types\/page"}],"author":[{"embeddable":true,"href":"https:\/\/www.buergeralpe.at\/sommer\/wp-json\/wp\/v2\/users\/3"}],"replies":[{"embeddable":true,"href":"https:\/\/www.buergeralpe.at\/sommer\/wp-json\/wp\/v2\/comments?post=2038"}],"version-history":[{"count":13,"href":"https:\/\/www.buergeralpe.at\/sommer\/wp-json\/wp\/v2\/pages\/2038\/revisions"}],"predecessor-version":[{"id":2671,"href":"https:\/\/www.buergeralpe.at\/sommer\/wp-json\/wp\/v2\/pages\/2038\/revisions\/2671"}],"wp:attachment":[{"href":"https:\/\/www.buergeralpe.at\/sommer\/wp-json\/wp\/v2\/media?parent=2038"}],"curies":[{"name":"wp","href":"https:\/\/api.w.org\/{rel}","templated":true}]}}